-5*w - 2*y - 20. Let s be w/(-6)*189/18. Let h = -8 + s. What is the units digit of h?
6
Let w = -13 + 21. Let d be 2/w + (-70)/(-8). Suppose 5*v = -u + d, v - 1 = 3*u - 28. What is the units digit of u?
9
Let k = 3 + -6. Let d = 18 - 14. Let v = k + d. What is the units digit of v?
1
What is the tens digit of (-1736)/(-30) - (0 + 6/(-45))?
5
What is the units digit of (-538)/(-14) - (-9)/(-21)?
8
Suppose -4*c = -k + 5, -3*c + 5*k + 9 = -0. Let m(d) = -4*d - 5. What is the units digit of m(c)?
3
Suppose -5*b + 3*d + 15 = 4*d, -6 = -2*b - 4*d. Suppose 4*z - 5*z = 2*i - 19, b*i = -5*z + 25. What is the units digit of i?
0
Let q = -9 + 16. Let h(m) be the second derivative of -m**5/20 + 7*m**4/12 + m**2 - 3*m. What is the units digit of h(q)?
2
What is the units digit of (15/(-6))/((-5)/20)?
0
Let j = 5 - 2. Suppose 0 = w - k, -j*w - 4*k = 2*w - 36. What is the tens digit of 35/3 - w/6?
1
Let g(k) = -k**2 - 7*k + 2. Let f be g(-6). What is the tens digit of (-129)/(-4) + f/(-32)?
3
Suppose -5*n + 0*n - b = 7, -2*b - 4 = 0. Let d = n - -4. What is the units digit of d?
3
Let x(u) = 83*u**2 - u + 2. What is the tens digit of x(-1)?
8
Suppose -5 = z + 2*w - 32, 30 = z + w. What is the tens digit of z?
3
Let b = 5 + 13. What is the tens digit of b?
1
Suppose -11*j + 28 = -9*j. Let g = -5 + j. What is the units digit of g?
9
Let i be -8*(1 + (-6)/4). Suppose 2*t = 2*w + 4, -w - 3*w + 8 = 4*t. Let h = i - t. What is the units digit of h?
2
Let c be 106/4 + (-1)/2. Suppose -s = 3*d - 23, 2*s + 16 + c = 5*d. What is the units digit of 0 + 2 + d*1?
0
Let s be -1 + 1 + 1 - -1. Suppose 4 + s = 3*t. Suppose 9 = t*r - r. What is the units digit of r?
9
Suppose 67*a - 561 = 64*a. What is the units digit of a?
7
Suppose -8*k = -3*k. Suppose k = -5*b + 40 + 30. What is the units digit of b?
4
Let l(v) be the first derivative of -2*v**2 - 2*v - 3. What is the units digit of l(-2)?
6
Let g(h) = -3*h**2 + 27*h - 10. What is the tens digit of g(8)?
1
Suppose 2*l - w + 4*w = 18, -16 = -2*l - 2*w. Suppose -l = -2*i + 14. What is the units digit of i?
0
Let p(o) = -o**2 - 7*o + 9. What is the units digit of p(-6)?
5
Let k be 10/(-4)*20/(-25). Suppose -k*x + 2 = -4*w, 9 = 5*x - 2*x. Let j = 2 + w. What is the units digit of j?
3
Let l(r) = r**2 - 8*r + 4. Let q be l(6). Let f = q + 21. What is the tens digit of f?
1
Let b = -25 - -47. What is the units digit of b?
2
Let v(y) = -y. Let c = 0 + -3. Let w be v(c). Suppose 3 = d - 3*p, 5*p - 35 = -w*d - 2*d. What is the units digit of d?
6
Let m(t) be the first derivative of t**3/3 - 13*t**2/2 + t - 1. What is the units digit of m(13)?
1
Suppose 0*d - 52 = -4*d. What is the units digit of d?
3
Suppose 8*p = 98 + 6. What is the tens digit of p?
1
Let w(t) = t + 9. Let o be (1 - 1)/(-2) + 3. Suppose -3 = z + o*m, 2*z + 5*m - 1 = -8. What is the units digit of w(z)?
3
Suppose 5*m = -2*q + 78, q = 5*q + 3*m - 170. What is the units digit of q?
4
Let a(m) = m**2 - 5*m - 10. What is the tens digit of a(10)?
4
Suppose -r + 5*q + 5 = 2*q, 0 = r + 2*q + 10. Let x be 33/6 + 6/r. Suppose -5*a + a + x = 0. What is the units digit of a?
1
Let a(g) = 2*g**2 - 3*g. Let v be a(2). Suppose 0 = 3*o - v*o - 4. Suppose 36 - 8 = o*l. What is the units digit of l?
7
Suppose 5*l - 574 = -184. Suppose 15 = -5*f, -f + l = 4*m - 3*f. What is the units digit of m?
8
What is the units digit of 197 - 0*(-1)/8*-4?
7
What is the tens digit of 32 + 8*1/2?
3
Let f be 160/(-28) - (-2)/(-7). Let r be -1*21/f*-2. What is the tens digit of 2/3*(-105)/r?
1
Let j(m) = -14*m + 22. What is the tens digit of j(-10)?
6
Suppose -57 + 5 = -4*o. What is the units digit of o?
3
Suppose 0 = -4*q - 11*q + 3165. What is the units digit of q?
1
What is the tens digit of ((-124)/(-1))/2 - -2?
6
What is the tens digit of (24/18 + -5)*(0 - 9)?
3
Suppose -q - 3*q = 4, -2*q = -4*y + 54. Let u = y - 1. What is the tens digit of u?
1
Let a = -19 - -47. Suppose 0 = -2*t + 5*v + a, 6*t + 4*v = 2*t. Suppose -7 = -t*f + 21. What is the units digit of f?
7
Suppose 5*j + 23 = 193. What is the units digit of j?
4
Suppose 212 = 4*k + 2*q, -3*q = 5*k - 6*q - 243. What is the tens digit of k?
5
Let r be 0 - (4/2 + 0). Let d = r - -4. What is the units digit of d?
2
Let g = -81 + 81. Let h = -7 - -15. Suppose g = -p - 3*p + h. What is the units digit of p?
2
Suppose 0 = -3*s + 11 - 8. What is the units digit of s/(-3) - (-28)/3?
9
Let h(x) = 14*x**2 - 5*x + 5. Let j(y) = 13*y**2 - 4*y + 4. Let l(d) = -4*h(d) + 5*j(d). Suppose 0*p - 3*p = 3. What is the units digit of l(p)?
9
Let x be (-80)/(-15) + 2/3. Let s(y) = -y**2 + 11*y + 1. What is the tens digit of s(x)?
3
Suppose 20 = -5*p + 4*p. Let z = p - -33. What is the tens digit of z?
1
Let f be (1*9)/(12/8). Suppose r = f*r. What is the units digit of 2 - (r + 1 + -2)?
3
Let c = 11 - 7. Let n(i) = -i + 11. Let l be n(5). Suppose 0 = -c*u + 10 + l. What is the units digit of u?
4
Let t(p) = p - 4. Suppose -2*g = -5*d + 36, -2*g = -d + 27 + 9. Let h = -11 - g. What is the units digit of t(h)?
3
Let d = -6 + 9. Suppose -d*i - 210 = -9*i. What is the tens digit of i?
3
Let c(y) = 61*y + 27. What is the hundreds digit of c(4)?
2
Suppose -3*v + 2*k + 101 = -2*v, -5 = -5*k. What is the units digit of v?
3
Suppose o = -5*k + 392, 2*k - 310 = -2*k - 2*o. What is the units digit of k?
9
Let m(k) be the first derivative of k**4/4 - 4*k**3/3 - 2*k**2 - 4*k + 1. Let s be m(5). What is the units digit of s - (-1 - (-1 - -11))?
2
Let y = 190 + -125. What is the tens digit of y?
6
Let b(s) = 8*s**2 - s - 16. What is the hundreds digit of b(4)?
1
What is the units digit of 91 + 7/((-28)/16)?
7
Suppose -106 = -5*a + 3*a - 2*t, -2*t = -10. What is the tens digit of a?
4
Suppose 4*h - 3*v = 160 - 23, -2*v = 6. What is the units digit of h?
2
Let l = -10 - -16. Let g be 206/(-14) + l/(-21). What is the units digit of (-4)/(-14) + g/(-21)?
1
Suppose -t + o - 2 = 3, 4*t + 3*o = -6. Let v = t + 6. Suppose -47 = -3*f + 2*g - v*g, -27 = -3*f + 3*g. What is the units digit of f?
4
Let p(y) be the third derivative of -y**5/60 - y**4/6 + 2*y**3/3 - 3*y**2. Let x be p(-4). What is the units digit of (-2)/x + 22/4?
5
Let r = 48 - 28. Suppose 5*t + 2*i - 47 = 3, 5*t - 4*i - r = 0. Suppose 3*c = -2*u + t + 4, -4*c = -3*u + 1. What is the units digit of u?
3
Let u(v) = -5*v**2 + 27*v + 2. Let y(c) = -2*c**2 + 13*c + 1. Let t(p) = 3*u(p) - 7*y(p). What is the units digit of t(-9)?
8
Let w(t) = t**3 - 7*t**2 + 6*t + 7. Suppose 2*i + 2*p + 4 = i, 3*p + 6 = -3*i. Suppose -3*s + 3 = i, 0 = -4*q - 4*s + 3*s + 25. What is the units digit of w(q)?
7
Let h(p) = -p + 2. Let f be h(0). Let s(n) = -n - 3. Let y be s(-5). Suppose 4*b = 5*u - 9, -u - y*b - 3 = f*b. What is the units digit of u?
1
Let g = 8 + -11. Let b be ((-54)/45)/(1/(-10)). Let s = b + g. What is the units digit of s?
9
Suppose -7*b + 3*b = 2*n - 10, 3*b - 15 = -4*n. Suppose -10 = 2*q + n*q. What is the units digit of (-2)/2 + (q - -8)?
5
Let u = -122 - -186. What is the units digit of u?
4
Suppose -7 - 13 = 4*m. Let b(u) = -3*u - 5. Let p(n) = 7*n + 11. Let s(h) = -9*b(h) - 4*p(h). What is the units digit of s(m)?
6
Let s(a) = a**3 + a + 9. Let c be s(0). Suppose -2*n = -i - 14 - 26, 0 = 5*n + 3*i - 89. Suppose -n - c = -2*b. What is the tens digit of b?
1
Suppose -3*t - 28 = t. Let x = t + 17. What is the tens digit of x?
1
Let x(k) = 14*k**2 + 4*k + 1. What is the hundreds digit of x(-3)?
1
Let w be (-2)/((-6)/9) - -40. Suppose h + y - 5*y - 10 = 0, -2*h = -y - 48. Let c = w - h. What is the units digit of c?
7
Suppose -3*t - 5 - 4 = 0. Let a be (-20)/15*t*1. Suppose 0 = q - a - 0. What is the units digit of q?
4
Suppose 4*a - 96 = -0*a. Let w = -14 + a. What is the tens digit of w?
1
What is the units digit of 57/((3 + -2)/1)?
7
Let j be -7 + 15 - (1 - -3). Suppose 57 = f + j*k, -3*k + 9 = -3. What is the tens digit of f?
4
Suppose -5*b = -3*n + 268, -5*n - 2*b + 5*b + 468 = 0. What is the units digit of n?
6
Let j(m) = -2*m. Let u be j(-1). Let f be (0 - u) + (14 - 0). Suppose 8 = a - f. What is the units digit of a?
0
Let l(u) = 28*u**2 + 6*u + 10. What is the units digit of l(-3)?
4
Let i(w) = w**2 - 3. Let z(p) = -p**3 + 7*p**2 + 7*p + 11. Let m = -19 - -27. Let f be z(m). What is the units digit of i(f)?
